{"id":1916,"date":"2020-06-19T13:04:42","date_gmt":"2020-06-19T11:04:42","guid":{"rendered":"https:\/\/www.frederiquehutter.ch\/?post_type=projects_events&#038;p=1916"},"modified":"2020-08-04T15:17:27","modified_gmt":"2020-08-04T13:17:27","slug":"stayinart-launch-reception","status":"publish","type":"projects_events","link":"https:\/\/www.frederiquehutter.ch\/en\/projects_events\/stayinart-launch-reception\/","title":{"rendered":"STAYINART Launch Reception"},"content":{"rendered":"<p>Wir freuen uns die neue Ausgabe des Kunstmagazins\u00a0STAYINART in Z\u00fcrich pr\u00e4sentieren zu d\u00fcrfen.<\/p>\n<p>Die Herausgeber Magdalena Froner und Hugo V. Astner werden anwesend sein<\/p>\n<p><strong>Launch Reception <\/strong><\/p>\n<p>Freitag 19. Juni 18 &#8211; 20 Uhr<\/p>\n<p><a href=\"https:\/\/frederiquehutter.us3.list-manage.com\/track\/click?u=aa5702ced51fb4ef902e49c7f&amp;id=36e5f934a4&amp;e=bc9b3f0214\" target=\"_blank\" rel=\"noopener noreferrer\"><strong>Kirchgasse 33 | 8001 Z\u00fcrich<\/strong><\/a><\/p>\n<p><a href=\"https:\/\/www.stayinart.com\" target=\"_blank\" rel=\"noopener noreferrer\">STAYINART 2\/20<\/a><\/p>\n","protected":false},"template":"","class_list":["post-1916","projects_events","type-projects_events","status-publish","hentry"],"translation":{"provider":"WPGlobus","version":"3.0.2","language":"en","enabled_languages":["de","en"],"languages":{"de":{"title":true,"content":true,"excerpt":false},"en":{"title":false,"content":false,"excerpt":false}}},"acf":[],"_links":{"self":[{"href":"https:\/\/www.frederiquehutter.ch\/en\/wp-json\/wp\/v2\/projects_events\/1916","targetHints":{"allow":["GET"]}}],"collection":[{"href":"https:\/\/www.frederiquehutter.ch\/en\/wp-json\/wp\/v2\/projects_events"}],"about":[{"href":"https:\/\/www.frederiquehutter.ch\/en\/wp-json\/wp\/v2\/types\/projects_events"}],"wp:attachment":[{"href":"https:\/\/www.frederiquehutter.ch\/en\/wp-json\/wp\/v2\/media?parent=1916"}],"curies":[{"name":"wp","href":"https:\/\/api.w.org\/{rel}","templated":true}]}}

<p>Wir freuen uns die neue Ausgabe des Kunstmagazins STAYINART in Zürich präsentieren zu dürfen.</p>
<p>Die Herausgeber Magdalena Froner und Hugo V. Astner werden anwesend sein</p>
<p><strong>Launch Reception </strong></p>
<p>Freitag 19. Juni 18 &#8211; 20 Uhr</p>
<p><a href="https://frederiquehutter.us3.list-manage.com/track/click?u=aa5702ced51fb4ef902e49c7f&amp;id=36e5f934a4&amp;e=bc9b3f0214" target="_blank" rel="noopener noreferrer"><strong>Kirchgasse 33 | 8001 Zürich</strong></a></p>
<p><a href="https://www.stayinart.com" target="_blank" rel="noopener noreferrer">STAYINART 2/20</a></p>
